*y**3 - 178*y**2 - 51*y + 466. Calculate h(-59).
-6
Let o(d) = -6*d**2 - 16*d - 122. Calculate o(-10).
-562
Let y(r) = -4464*r + 35717. Give y(8).
5
Let o(j) = 4*j**2 - 68*j + 1. Determine o(17).
1
Let z(t) = -2*t**2 + 396*t - 5492. Calculate z(183).
-2
Let a(r) = 9*r**2 + 52*r - 28. Calculate a(-7).
49
Let x(w) = 112*w**2 + 107*w + 1. Calculate x(-1).
6
Let y(f) = -f**2 - 102*f + 1430. Determine y(13).
-65
Let b(c) = 1658*c + 4999. Give b(-3).
25
Let o(f) = f**2 - 128*f + 2534. What is o(25)?
-41
Let j(s) = s**2 - 63*s + 400. Give j(53).
-130
Let t(k) = -2*k**2 - 168*k - 800. Calculate t(-5).
-10
Let a(g) = 8*g + 377. Give a(-48).
-7
Let u(z) = -4*z**3 - 443*z**2 + 115*z + 433. Calculate u(-111).
-11
Let m(f) = f**3 + 4*f**2 + 52*f + 12. Give m(0).
12
Let n(y) = y**3 + 57*y**2 - 184*y - 55. Determine n(-60).
185
Let u(m) = 1385*m + 2743. Give u(-2).
-27
Let x(w) = 89*w**3 - 4983*w**2 - 53*w - 136. Determine x(56).
32
Let x(p) = -21*p - 348. What is x(-19)?
51
Let v(s) = 5*s - 429. Determine v(51).
-174
Let l(s) = -2757*s + 2768. Give l(1).
11
Let m(b) = 13*b + 206. Calculate m(-16).
-2
Let p(r) = 87*r - 30. Give p(6).
492
Let t(p) = 5*p**3 + 24*p**2 - 5*p + 91. Calculate t(-6).
-95
Let s(l) = -2*l**3 + 3*l**2 + 7*l + 11. Give s(4).
-41
Let l(k) = k**3 - 12*k**2 + 48*k - 51. Calculate l(12).
525
Let g(n) = -2*n**3 + 3*n**2 + 51*n - 133. What is g(3)?
-7
Let i(g) = 89*g**2 + 3470*g - 46. Determine i(-39).
-7
Let b(i) = -939*i**2 - 3753*i + 11. Determine b(-4).
-1
Let g(o) = -o**2 - 15*o + 8. Calculate g(0).
8
Let z(y) = y**3 + 11*y**2 - 21*y - 359. Determine z(-8).
1
Let f(x) = 684*x - 108. Determine f(1).
576
Let h(k) = -k + 42. Calculate h(21).
21
Let j(c) = 2*c**2 + 68*c + 145. What is j(-35)?
215
Let o(w) = w**3 + 25*w**2 - 58*w - 110. Give o(-27).
-2
Let a(p) = 1087*p - 4351. Determine a(4).
-3
Let n(a) = 2*a**3 - 267*a**2 + 765*a + 52. Give n(3).
-2
Let a(v) = -v**3 + 23*v**2 + 18*v + 154. Determine a(24).
10
Let u(g) = 3*g**3 + 26*g**2 - 38*g - 69. What is u(-10)?
-89
Let l(q) = 6180*q + 43264. Give l(-7).
4
Let q(j) = j**3 - 9*j**2 - 27*j + 36. Calculate q(12).
144
Let i(j) = -j**2 + 1343*j + 6708. Give i(-5).
-32
Let z(j) = -105*j**3 - 5*j**2 - 3*j + 1. Determine z(-1).
104
Let z(f) = -63*f**2 + 6*f - 15. What is z(2)?
-255
Let c(b) = -35*b - 1894. Determine c(-55).
31
Let f(m) = -2*m**2 - 88*m - 470. Determine f(-5).
-80
Let v(p) = -p**3 - p**2 + 289*p + 2225. Determine v(-8).
361
Let u(l) = -1753*l - 19280. What is u(-11)?
3
Let s(b) = -3*b**2 - 4*b + 526. Determine s(-13).
71
Let i(g) = 2*g**3 + 52*g**2 + 40*g - 1357. Give i(-24).
-13
Let l(v) = v**3 + 50*v**2 - v - 9. Give l(-50).
41
Let f(x) = x**3 + x**2 - 3*x + 4. Determine f(5).
139
Let a(i) = -i**3 - 15*i**2 + 6*i + 277. Determine a(-14).
-3
Let y(p) = -54*p - 315. Give y(-9).
171
Let w(s) = -7*s**3 + 357*s**2 + 7. Give w(51).
7
Let l(t) = -58*t**2. Calculate l(-1).
-58
Let z(m) = -m**2 - 33*m - 292. Give z(-22).
-50
Let j(q) = 97*q + 284. Calculate j(-3).
-7
Let f(o) = o**3 + 19*o**2 + 95*o + 26. What is f(-9)?
-19
Let n(x) = -x**2 + 26*x + 10. Determine n(27).
-17
Let f(g) = 2*g**3 + 41*g**2 + 47*g - 145. Give f(-19).
45
Let b(i) = 72*i + 463. Calculate b(-6).
31
Let y(g) = -9205*g + 46033. Calculate y(5).
8
Let k(p) = 2*p - 19. Determine k(-14).
-47
Let z(p) = 24*p + 1736. Give z(-72).
8
Let j(w) = w**2 + 291*w + 19771. Calculate j(-183).
7
Let o(i) = 3*i**2 - 2*i. Calculate o(-3).
33
Let u(c) = 424*c + 12717. Give u(-30).
-3
Let c(h) = -32*h**2 + 15*h - 20. Determine c(4).
-472
Let n(j) = 25*j - 137. Give n(3).
-62
Let y(b) = 42*b**2 - 35*b + 170. Determine y(6).
1472
Let a(k) = -11*k**2 - 67*k - 66. Give a(-5).
-6
Let n(b) = 208*b - 1458. Give n(7).
-2
Let v(i) = i**3 - 77*i**2 - 79*i + 16. Determine v(78).
-62
Let x(z) = -2*z**2 - 53*z + 493. What is x(-34)?
-17
Let w(z) = z**2 + 86*z - 1180. Determine w(12).
-4
Let i(c) = 2*c**3 - 15*c**2 - 15*c + 38. What is i(9)?
146
Let x(a) = -71*a**2 + 778*a + 14. Calculate x(11).
-19
Let z(h) = h**3 + 17*h**2 - 11*h + 19. Calculate z(-17).
206
Let m(r) = -187*r + 7282. What is m(39)?
-11
Let g(p) = p**3 + 1649*p**2 - 8270*p + 6. Give g(5).
6
Let b(h) = -h**3 + 9*h**2 + 22*h - 94. Calculate b(8).
146
Let o(q) = q**3 - 7*q**2 - 7*q - 20. Calculate o(6).
-98
Let b(h) = 29*h - 18. Give b(-1).
-47
Let h(u) = -24*u - 154. Calculate h(-34).
662
Let j(f) = -f**3 + 8*f**2 + 1146*f + 163. What is j(-30)?
-17
Let t(g) = 53*g - 409. Calculate t(6).
-91
Let f(l) = -l**2 - 49*l - 600. Calculate f(-25).
0
Let y(f) = -3*f**3 + 113*f**2 - 69*f - 238. What is y(37)?
-53
Let m(r) = -223*r - 1802. Calculate m(-8).
-18
Let x(t) = 5*t**2 + 59*t + 321. Give x(-6).
147
Let k(c) = c**3 - 24*c**2 - 33*c + 45. Calculate k(-2).
7
Let w(i) = -i**3 - 146*i**2 - 435*i - 884. Determine w(-143).
-26
Let n(h) = -14*h**2 + 9*h + 18. Determine n(-3).
-135
Let d(x) = -21*x. Calculate d(-2).
42
Let l(t) = -114*t - 324. Calculate l(-3).
18
Let z(p) = -35*p - 412. Calculate z(-11).
-27
Let z(v) = -152*v - 1030. Determine z(-13).
946
Let o(s) = -27*s + 137. Give o(11).
-160
Let b(f) = 4606*f - 27646. Determine b(6).
-10
Let s(x) = 1055*x + 5. Determine s(0).
5
Let k(a) = -27*a + 466. Give k(17).
7
Let x(g) = g**2 + g + 15. Give x(5).
45
Let x(h) = 1143*h + 13720. What is x(-12)?
4
Let l(t) = -t - 816. Calculate l(47).
-863
Let w(s) = -892*s + 11589. Give w(13).
-7
Let n(l) = l**2 - 206*l - 1235. What is n(-6)?
37
Let l(m) = -2*m**2 + 32*m + 1127. What is l(33)?
5
Let b(g) = -2*g**2 + 62*g - 403. What is b(22)?
-7
Let n(b) = b**2 - 28*b + 52. Determine n(9).
-119
Let t(n) = 30*n**2 + 2272*n - 603. Calculate t(-76).
5
Let w(p) = p**3 - 7*p**2 - 17*p - 4. Calculate w(9).
5
Let q(u) = 12*u**2 + 5*u - 22. Determine q(5).
303
Let z(t) = -2*t**3 + 2*t**2 + 16*t - 39. Determine z(2).
-15
Let h(w) = w**3 - 22*w**2 + 39*w - 41. Determine h(21).
337
Let u(h) = -2*h**2 - 19*h - 19. Determine u(-3).
20
Let u(k) = k**3 - 23*k**2 + 14*k + 882. Give u(20).
-38
Let v(a) = 92*a - 458. Calculate v(5).
2
Let f(m) = 11*m**2 + 19*m + 9. Determine f(-2).
15
Let u(b) = -7*b - 36. Calculate u(-32).
188
Let f(g) = -g**2 - 4*g - 159. Give f(-16).
-351
Let q(m) = 81*m - 59. Determine q(1).
22
Let p(x) = x + 21. Give p(-19).
2
Let a(m) = -55*m + 262. Give a(9).
-233
Let b(k) = -k**3 + 36*k**2 - 33*k - 98. Give b(35).
-28
Let n(s) = -2*s**3 + 30*s**2 - 31*s + 64. Give n(14).
22
Let k(q) = 390*q - 20659. Calculate k(53).
11
Let r(y) = -y**3 - 12*y**2 - 21*y + 38. Calculate r(-5).
-32
Let g(s) = 237*s - 2874. Calculate g(12).
-30
Let x(v) = -682*v + 4181. Give x(6).
89
Let h(d) = 2*d**2 - 8*d - 7. Give h(5).
3
Let i(w) = -w**2 + 44*w + 1603. Determine i(-23).
62
Let o(q) = -q**2 + 20*q + 147. Calculate o(-5).
22
Let j(s) = 77*s + 1143. Determine j(-10).
373
Let l(i) = 2*i**2 + i - 161. Determine l(0).
-161
Let a(s) = -20*s + 1552. What is a(77)?
12
Let x(y) = 10*y + 36. Give x(2).
56
Let t(j) = -162*j - 3869. Calculate t(-24).
19
Let g(s) = 36*s - 360. What is g(6)?
-144
Let q(b) = 174*b + 12495. Calculate q(-72).
-33
Let o(q) = -q**3 + 3*q**2 + 10*q - 7. What is o(5)?
-7
Let r(o) = 3*o**3 + 42*o**2 + 4*o - 49. Determine r(-12).
767
Let d(a) = -a**3 + a**2 - 2*a - 54. Give d(0).
-54
Let s(n) = 20*n**2 + 104*n + 19. Give s(-5).
-1
Let z(o) = -317*o + 19903. Determine z(63).
-68
Let f(s) = -323*s - 276. Determine f(-1).
47
Let x(z) = -z**3 + 13*z**2 - 10*z - 6. Give x(9).
228
Let g(o) = o**2 - 297*o + 13855. What is g(239)?
-7
Let m(g) = -g**3 - 36*g**2 - 4*g - 161. Calculate m(-36).
-17
Let a(c) = -c**2 + 28*c - 236. Determine a(10).
-56
Let h(z) = 2*z**2 + 503*z + 6211. Calculate h(-13).
10
Let c(h) = 2*h**2 + 47*h + 18. Determine c(-22).
-48
Let b(u) = -7*u**2 + 129*u - 152. Calculate b(17).
18
Let d(v) = 79*v - 2673. Give d(32).
-145
Let x(u) = -u**3 + 54*u**2 + 51*u + 225. What is x(55)?
5
Let j(p) = p**3 - 36*p**2 - 214*p - 7. Give j(-5).
38
Let p(r) = 2887*r + 20213. Determine p(-7).
4
Let g(l) = -l**3 - 13*l**2 - 10*l - 3. What is g(-13)?
127
Let f(t) = -241*t + 67239. Give f(279).
0
Let c(s) = 3*s**2 + 58*s - 171. Determine c(-22).
5
Let a(c) = -16*c + 1. Give a(1).
-15
Let k(d) = -d**3 - 10*d**2 + 69*d - 38. What is k(-14)?
-220
Let l(p) = p**3 + 36*p**2 + 247*p + 13. What is l(-27)?
-95
L